 - m - 8. Determine i(r).
-2
Let a(b) be the third derivative of -b**5/15 - 7*b**4/4 - 4*b**3 - 2*b**2 - 737. Calculate a(-10).
-4
Let q(b) be the third derivative of 7*b**4/8 + 31*b**3/3 + 15*b**2 - 13. Calculate q(-3).
-1
Suppose -12*r = -8*r - 16. Let b(n) = 6*n - r*n - 9 - 3*n + 2. Let g(a) = a**3 - 6*a**2 + 5*a - 5. Let k be g(5). Give b(k).
-2
Let y(p) = p**3 + 4*p**2 + 3*p + 4. Suppose -14*d - 23 - 29 = -10. What is y(d)?
4
Let u(k) = -7*k**2 + k - 30. Let j(i) = 1 - 24 + 3*i**2 - i + 37. Let f(m) = -9*j(m) - 4*u(m). Calculate f(4).
30
Let t(i) be the third derivative of i**9/60480 + i**7/2520 - i**6/720 + i**5/60 + 5*i**4/24 - 31*i**2. Let v(m) be the third derivative of t(m). What is v(2)?
11
Suppose 2*l = j + 5, 4*l - 35*j = -30*j + 13. Let d(a) = -486*a - 12 + 498*a - 4 + a**2 - l*a**2. Suppose 4*f = -6 + 50. What is d(f)?
-5
Suppose -s + 14*s = 143. Suppose s*i = 2*i + 27. Let o(l) = -2*l + 5*l**2 - 6*l**2 - l**2 + i*l**2. Determine o(4).
8
Let o = 12 - 7. Let h(g) = 4*g**3 - o*g**3 + 2*g + 2 - 3. Let x(b) = -22*b**3 - 150*b**2 + 31*b + 23. Let u be x(-7). Determine h(u).
-5
Let j be 3/6*(-1 + 7). Let w(g) = -15*g**2 + 12*g**2 + 4*g**j + 0*g**3 + 7*g**2 + 2*g. Let v = 129 - 131. Give w(v).
-20
Let q(r) = r**2 - 5*r + 10. Let f(m) be the third derivative of m**5/12 - 5*m**4/6 + 43*m**3/6 + 149*m**2. Let i(g) = 2*f(g) - 9*q(g). Give i(-7).
10
Let r(p) = -3*p**2 + 18*p - 4. Let i(u) = 3*u**2 - 28*u + 5. Let o(f) = 2*i(f) + 3*r(f). What is o(2)?
-18
Let k(n) be the third derivative of n**5/120 - 5*n**4/8 - 23*n**3/3 + 47*n**2. Let c(d) be the first derivative of k(d). Suppose 0 = -a + 8 - 8. Give c(a).
-15
Let m(z) = -z**2 + 28*z + 124. Let u be m(-4). Let t(n) = n**2 + 5*n + 9. What is t(u)?
5
Let k(f) = -6*f**2 + 4*f + 12. Let v(b) = -2*b**2 - b + 1. Let p(q) = k(q) - 6*v(q). Let u(i) = 5*i**2 + 7*i + 5. Let g(a) = 4*p(a) - 5*u(a). Give g(4).
3
Let w(d) be the third derivative of d**4/12 + 5*d**3/3 + 762*d**2 - 2*d. Calculate w(-6).
-2
Let s = -695 - -682. Let l(t) = t**2 + 13*t + 25. Determine l(s).
25
Let i(c) = c + 4. Suppose 5*g - 4*v - 56 = -0*g, 2*g + v - 25 = 0. Let k = g + -16. Let p be -1*3 + ((-20)/k - 5). What is i(p)?
1
Suppose -1140 = 14*l - 88*l + 858. Let t(p) = 2*p**3 - 53*p**2 - 26*p - 23. What is t(l)?
4
Suppose 2*j + 2*k = -0*k + 28, 2*k + 98 = 5*j. Let h(b) = 5*b - 4 - 19*b**2 + 14*b + b**3 - 14. Determine h(j).
0
Let w(z) = -z**3 - 11*z**2 + 3*z - 1. Let r = -3634 - -3624. Calculate w(r).
-131
Let h be 72/468 + (-216)/52. Let y(v) = v**2 - 9*v - 32. Determine y(h).
20
Let t(y) = y**3 + 7*y**2 - 20*y - 11. Let d be t(-9). Let f(a) = a**2 + 2*a + 8. Let s be f(d). Let h = s + -69. Let l(j) = 3*j - 2. Give l(h).
4
Let q be 18 + (0 - (6 + 5) - -1). Let h(o) = -o**2 + o + 55. Calculate h(q).
-1
Suppose 72 = 2*w - 30*c + 22*c, -2*w = 5*c + 45. Let g(o) = 2*o + 15. Give g(w).
15
Let g(x) = -79*x**2 + 167*x - 473. Let d(m) = 190*m**2 - 417*m + 1182. Let l(t) = -5*d(t) - 12*g(t). Give l(3).
-9
Let r(u) = u**2 + 3*u + 1. Let h(f) = 4*f**2 + 17*f + 5. Let w(y) = -h(y) + 5*r(y). Give w(-2).
8
Let f(b) be the second derivative of -1/3*b**3 + 0 + 3/2*b**2 + 1/4*b**4 + 43*b. Calculate f(3).
24
Let f(x) = -6*x + 4. Let i = -1510 + 1493. Determine f(i).
106
Let c(a) be the third derivative of a**6/120 + 2*a**5/15 + a**4/4 - 4*a**3/3 + 4*a**2 + 39*a - 4. Let f(l) = -7*l**2 - l - 1. Let k be f(-1). Determine c(k).
-1
Suppose -3*q + 129*t - 18 = 130*t, 0 = 5*q + 4*t + 44. Let y(n) = -6*n**3 - 21*n**2 + 17*n + 13. What is y(q)?
-7
Let x(q) = q**2 - 6*q + 8. Let y be x(5). Let d(r) = 1 + 2*r + 53*r**2 - 107*r**2 + 57*r**2 - r**y. Give d(4).
-7
Let y = -3095 + 4973. Let a(t) = -1878*t**2 - 3*t - 1 + y*t**2 + t + t**3. Calculate a(0).
-1
Let v(a) be the third derivative of a**6/120 + 5*a**5/12 + 23*a**4/24 + 19*a**3/6 + 148*a**2 + 2*a - 1. Determine v(-24).
43
Let y(n) = 2*n**2 - 4*n - 19. Let a be ((-26)/(-13))/(0 + 2) - (-9)/3. Determine y(a).
-3
Let m(z) = -2*z**2 - 289*z - 12. Let k be m(0). Let y(u) = 13*u + 161. What is y(k)?
5
Let a(l) = -3*l**2 + 20*l + 4. Let m be (-2)/(-4) - (123/(-6) + 14). Determine a(m).
-3
Let b(c) be the second derivative of c**5/20 + c**4/2 + c**3/6 + 3*c**2/2 - c. Let h(t) = t**3 - 12*t**2 + 11*t + 11. Let k be h(10). Let n = k + 73. Give b(n).
-3
Let u(y) = y - 9. Let t(l) = 161*l - 492. Let p be t(3). What is u(p)?
-18
Let j(v) = -v - 11. Let d be j(-12). Suppose -2*g + 1 = -d. Let a(u) = 9*u - 4. Let q(c) = 18*c - 7. Let k(p) = -5*a(p) + 3*q(p). Calculate k(g).
8
Let s(h) = -h**2 - 17*h + 8. Let z(p) = -p**2 + p + 5. Let m(r) = s(r) + z(r). Calculate m(-10).
-27
Let r(c) = -19*c - 4. Let o be r(-3). Let g(l) = 4*l + o - 53. Suppose -8*z = -4*z + 12. Determine g(z).
-12
Suppose 4*o - i + 4*i - 1 = 0, 3*o - 4*i = 7. Let y(m) = 5*m - 7*m + 0*m + o - 4. Suppose -106 - 9 = 23*f. What is y(f)?
7
Let p be 104/52 - (3 + 1). Let f be (p + -2)*(-12)/(-24). Let y(g) = -2*g - 3. Calculate y(f).
1
Let w(u) = -u. Suppose -14 = -2*m + k - 2*k, -k = m - 8. Suppose -2*r = -3*b + 15 + m, -4*r - b = 21. Let p be 1/((-14)/7 - 14/r). Calculate w(p).
-3
Let r = -471 + 465. Let a(s) = -s**2 + 7*s + 6. Let d = -18 - -13. Let y(p) = -3*p**2 + 15*p + 13. Let u(h) = d*a(h) + 2*y(h). Give u(r).
-10
Let o(p) = 4*p**2 - 30*p + 20. Let q = -8709 + 8716. What is o(q)?
6
Suppose -21*q + 9*q + 132 = 0. Let h(c) = -1 - 8*c - 9*c + q*c + 6. What is h(5)?
-25
Let u be (-188)/(-20) - (-4)/(-10). Let d(y) = -5 + 14*y**2 - 4 - 7*y + 8*y**2 - 21*y**2. Determine d(u).
9
Let d(g) = -g**3 + 2*g**2 + 4*g - 4. Let k(t) = 10*t + 14. Let a be k(17). Let i = 187 - a. Give d(i).
-1
Let r(v) = 11*v**2 + 27*v - 7. Let m(a) = -5*a**2 - 13*a + 3. Let g(p) = -9*m(p) - 4*r(p). Suppose 46*j + 42 = 39*j. What is g(j)?
-17
Let a(b) be the third derivative of b**5/60 + 3*b**4/8 + b**3/3 + 7*b**2. Let l be 3/(2 + 84/(-36)). What is a(l)?
2
Let u(b) = b**3 - 7*b**2 + 8*b + 2. Let g(r) = -2*r - 120. Let v be g(-61). Give u(v).
-2
Let l(z) = 10 - 27 - z**2 + 43 - 4*z. What is l(-8)?
-6
Let a = -152 + 157. Let k(h) = 2*h**2 + 4*h - 1. Let s(j) = -3*j**2 - 7*j + 2. Let x(d) = a*k(d) + 3*s(d). Calculate x(-4).
21
Let k(i) be the second derivative of -i**2 + i + 1/12*i**4 + 1/2*i**3 + 0. Suppose -11*c + c + 30 = 0. Determine k(c).
16
Suppose 4 = -5*l + 14, 3*p - 2*l - 128 = 0. Suppose 39*a = p*a - 75. Let d(s) = s - 27. Give d(a).
-12
Let a(t) = -5*t**2 + 5*t - 1. Let r(q) = -q**2 + q. Let v(j) = a(j) - 3*r(j). Let d(h) = 14 - 8 + h + 22 + 16 + 0. Let y be d(-43). Determine v(y).
-1
Let o(i) = 15*i + 51. Let b be ((-72)/(-8))/(-1) + 10/2. Give o(b).
-9
Let s(f) be the third derivative of 0 - 30*f - 1/20*f**5 + 5/6*f**3 - 3*f**2 - 1/6*f**4. What is s(-4)?
-27
Let d = -14413 + 14424. Let h(i) = 4*i + 3. Determine h(d).
47
Let n(s) be the third derivative of s**7/2520 + s**6/80 - 3*s**5/40 - s**4/24 + 11*s**3/6 + 11*s**2. Let o(p) be the second derivative of n(p). Calculate o(-9).
-9
Let o(s) be the first derivative of -s**4/4 + 10*s**3/3 - 2*s**2 - 9*s + 1204. Calculate o(9).
36
Suppose -4*o + 108 = -o. Let s be (-3)/o*-10*6. Let j(i) = -4*i**2 - 8*i - 12. Let h(y) = -3*y**2 - 7*y - 11. Let b(x) = 5*h(x) - 4*j(x). What is b(s)?
3
Let f(t) = -t**2 + 3*t - 11. Let m(r) = 4*r**2 - 14*r + 64. Let p(b) = 5*f(b) + m(b). Give p(8).
-47
Let i(p) = 0*p**2 + p**2 + 5*p + 11 - 15*p. Let w(f) = 9*f - 18. Let a be w(6). Let t = a + -28. Determine i(t).
-5
Let u(s) be the first derivative of -s**2/2 + 12*s + 2442. Let g = 24 - 12. Calculate u(g).
0
Suppose 4*i + 24 - 12 = 0. Let t = -1 + i. Let q be 6/(t + 3) + -2 + 3. Let p(x) = -x**2 - 4*x - 6. Give p(q).
-11
Let l(p) = 4180458*p - p**2 - 29 - 8 - 11 - 4180482*p. Determine l(-20).
32
Let p(c) be the first derivative of 2*c**3/3 + 5*c**2/2 - 4*c - 1228. What is p(2)?
14
Let r(g) = 612*g**3 - 47*g - 46 - 289*g**3 - 324*g**3 - 47*g**2. Determine r(-46).
0
Let w be -5 - (0 + 1 - 89). Let m(p) = p**3 - 3*p**2 - 80 + 4*p**2 - 6*p**2 + w. Give m(5).
3
Let z(c) = c**3 - 4*c**2 + 2*c - 2*c**3 + 0*c**2. Let j = -101 + 103. Suppose 0 = 2*o - 3*v + 22, 2*v + 2 = -j*o - 0*v. What is z(o)?
15
Suppose -2*v = -6*v - 20. Let p be 10/(-25) + 8/v. Let b(j) be the third derivative of -j**4/24 + j**3/6 - 4*j**2 + 198*j. Give b(p).
3
Let y(m) = 3*